f 10 + (23 - 20 - 3) + -20?
-10
(1 - (-4 - -6)) + 6 + (-28 - 9 - 0)
-32
(59 + 32 - 118) + (59 - 1)
31
What is the value of -27 + (-6 - 0) - (-1014 + 1013)?
-32
Calculate -28 + -24 - 26 - (1 + 0) - (-2 + -2).
-75
What is the value of (-11 - (-64 + (-12 + -1 - -19))) + (3 - -3)?
53
Evaluate -59 - ((35 - 37) + -27).
-30
Calculate 12 + 0 + -2 - (58 - 11).
-37
Evaluate 2 - (-63 - -134) - -50.
-19
-2 + (-44 - -1) - (-4308 + 4290)
-27
Evaluate 27 + (42 - (77 - 12)).
4
Evaluate -32 + 2 - (-20 + (94 - 71)).
-33
What is -61 + 6 - (204 + -171)?
-88
What is the value of -2 + 41 - (-1881 - -1986)?
-66
17 - (-39 + -18 + -23 + 41)
56
Calculate (28 - -1) + (-166 - -162 - (10 + 0)) + 6.
21
What is the value of (3 - 1) + (80 - 12 - (-5 + (25 - 34)))?
84
Evaluate 30 - ((425 - 440) + (52 - 2)).
-5
Calculate 10 + (-15 - 7) + 60 + 12 + -9.
51
Evaluate 1 + -50 + 2291 + -2233.
9
Evaluate 1 + -222 - (-2611 + 2507).
-117
101 - ((-8 - (-53 + -23)) + -33)
66
What is (-36 + 1 - 3) + 35?
-3
Calculate -9 + 23 + 0 + (-443 - -438) + -14.
-5
Calculate (-8 - -67) + -2 - (23 + 5 + -46).
75
Evaluate -3840 - -3825 - (18 + 0 - -2).
-35
(-7 - -64) + -77 + -38
-58
Evaluate 1704 - 1858 - (-301 - 1).
148
Calculate (-11 - (-5 + -5) - 9) + 10 + 18.
18
What is (43 - -14) + -37 + -19 + 1?
2
Calculate -16 - ((24 - 5) + 25 + -21).
-39
Evaluate -45 + 90 - 46 - -12.
11
(10 - (17 + -32 + 6)) + 20
39
14 + 25 + 8 + -20 + -28
-1
What is the value of (105 - 41) + -45 + (-102 - (5 + -10))?
-78
Calculate (-19 - -15) + -11 - ((-11 - (-7 - 6)) + -119).
102
What is (-14 + 5 - -13) + -11 + (11 - 6) + 18?
16
What is (89 - (47 - -7)) + 7?
42
What is (-6 - -3) + (-12 - -24 - 17) + (10 - -21)?
23
Evaluate 22 - 27 - 12 - -44.
27
Calculate -5 + (2 - 9 - ((3 - 4) + 9 - 47)).
27
What is -23 + (92 - -34) + -35?
68
Evaluate -260 - -233 - (-1 - 6).
-20
-2 + 77 - (563 - 428)
-60
What is the value of -109 + -1 + (918 - 780)?
28
Evaluate -8499 + 8544 + (-1 - 21).
23
Calculate 3 + -10 - 15 - (13 + -45).
10
What is 351 + 125 + -371 - (0 + 38)?
67
50 + (-16 - 59) + -16 + -2
-43
Evaluate (-2 - -2 - (-1 - -14)) + (493 - 484).
-4
Calculate (2 - (68 - -3)) + 5 - (176 + -168).
-72
What is the value of (-3 - -1 - (22 + -12)) + 15 + -65 + -16?
-78
What is -13 + 37 + (800 - 804)?
20
Evaluate 3 - 0 - (-2 + (-28 + 52 - -42)).
-61
What is the value of (-22 + 0 - -1) + (-436 - -436)?
-21
What is the value of 22 + 1 + -1 - (-90 + -119 + 223) - 77?
-69
What is -6168 + 6206 + -1 + 6?
43
-18 + -2 - (352 + -366 + (-2 + 0 - -18))
-22
Calculate (-91 - (-43 - -66 - 7)) + -32.
-139
What is the value of -1 + (-34 - (-103 + 26) - 4)?
38
Calculate -31 + 1 + -8 + -8 + -3 + 18.
-31
What is the value of (60 - (-2 - 0)) + (-46 + -176 - -210)?
50
Evaluate 9 + -9 + -6 + ((6 - 9) + 84 - 7).
68
Calculate -49 + (-1 + -28 - (-8 - 14)) + 4 + 0.
-52
(-4 - 59) + -73 + 198
62
Evaluate -56 - 13 - -85 - -57.
73
What is 546 + -545 + -43 + (1 - (0 - 3))?
-38
What is the value of -9 - (-17 + (12 - (0 - -14)) + 12)?
-2
What is the value of (-11 - -28) + -1 + 79 + -28?
67
What is the value of -7 - (14 + (-59 - -40) + (-1 - -5))?
-6
Evaluate -12 + 103 + -144 + 111.
58
What is (-33 - (-120 + 26)) + -10?
51
What is the value of 34 + (-30 - (15 + 2 + -36)) + -5?
18
Evaluate -1 + -2 + 8 + -12 + (-1337 - -1385).
41
What is 12 + (-105 - -64 - 36)?
-65
What is 95 + -1 - (1851 - 1794)?
37
Calculate (-8 - (1 - 1)) + -205 + (-49 - -258).
-4
Evaluate -146 + 77 + -32 + 24.
-77
What is (-5 - 131) + (-24 - -22) + 40?
-98
Evaluate -6 + (26 - (35 + -38)).
23
Calculate 0 - (3 - 9) - (-24 - (10 - 111)).
-71
Evaluate (162 - (-117 - -171)) + -6 + (1 - (-1 + -1)).
105
Calculate (168 - 224) + 68 + (-77 + 0 - 0).
-65
Calculate 158 - (159 - (159 + -99)).
59
Calculate -74 - -2 - ((45 - 28) + 24).
-113
Calculate (84 - 70 - -66) + -89.
-9
Evaluate (9 - (6 + (-13 - -11))) + 53 + (1 - -1).
60
Calculate (-13 - 6) + 13 + (7 - -3) - 19.
-15
Evaluate 126 + (-9 - (3 + -23) - (-1 - -14) - 10).
114
What is the value of (57 - (25 + -20)) + (4 - 1) + -12?
43
-12 + -11 + (36 + -13 - 20)
-20
What is -16 - ((4 - (26 + -22)) + 8)?
-24
Evaluate -5 + 6 + (-61 + 45 - -5).
-10
2 + -2 - 14 - (-333 - -53 - -257)
9
-110 + (-24 - -85) - -115
66
Calculate 9 - (-34 + (11 - -4) - -58).
-30
-7 + -31 - 23 - (-1 + -10 + 3)
-53
Calculate 3 - 15 - (-1017 - -1003).
2
Calculate -89 + (97 - -23) + (-23 - -2).
10
What is the value of -11943 - -11926 - (-25 + 2)?
6
Evaluate 14 + -22 + 49 + -29 + -4.
8
What is -107 + (93 + 5 - -6)?
-3
Calculate -112 + (145 - 153 - -111).
-9
What is 16 - -4 - (-122 - -147)?
-5
What is 58 - (82 + -56 - -61)?
-29
Calculate (-476 - -385) + 92 + -2.
-1
What is the value of 18 - (26 + 64 + -16 + -16)?
-40
Calculate 225 + -188 - (12 + -25 - -137).
-87
7 + (7 + 95 - 4) + (-3 - 1)
101
Evaluate 81 + (49 - (95 + -18)) + -17.
36
What is the value of -6 - (-11 + 24) - -9 - -41?
31
What is 6 + -3 - (-19 - (-16 - (6 - 63)))?
63
Evaluate (23 - 21) + 38 - -10.
50
Calculate 2 - (-6 - (-26 + 1)).
-17
Evaluate 65 + 41 + -69 + 30.
67
6 + ((53 - (2 - -1)) + 161 + -169 - -2)
50
What is the value of 267 + -275 + 59 + 2 + -9?
44
Calculate -32 - (41 + (35 - 115)).
7
What is the value of 6730 - 6670 - (14 + (0 - (-2 - -2)))?
46
What is the value of 3 + -3 + 3 + (37 - (66 - 26))?
0
What is the value of 10 + (155 - 143) + 0 + (18 - 3)?
37
-536 - -568 - (-1 + 1 + 3) - 13
16
Evaluate -124 + -23 - -6 - (8 + -18).
-131
What is (-38 - (11 - 8)) + (-34 - -61)?
-14
What is -105 + (-64 - -206) + -20 + 1?
18
What is the value of (-3 + -3 + 25 - -9) + -11 + -9?
8
What is the value of -18 + -6 + -1 + (21 - 17) + -16?
-37
What is (11 - (-40 - (-12 + (11 - 12)))) + (3 - 4)?
37
What is the value of -1 - ((1 - (5 + -59)) + -150 + 138)?
-44
What is -28 + (7 - -17) + -44 + 29?
-19
What is -73 + 1 + (209 - (-26 + 272))?
-109
What is the value of -16 + (51 - -16) - (-28 - -24 - (-1 + 3))?
57
What is 2 + -3 + -17 - (-7806 + 7814)?
-26
Calculate 1 - -26 - (-308 + 350).
-15
What is the value of (15 - 16) + 4 - (-6 + (-3 - -67)) - -7?
-48
What is 54 + -60 + (4 - -9) + 2?
9
What is the value of 75 + -67 + 25 + 25?
58
What is the value of 42 - 2 - (21 + -25 + 17 + -11)?
38
Evaluate 107 - 53 - (19 + (4 - (10 + 5))).
46
-19 + (8 - 41) + -2 + 20
-34
Calculate 13 - 1 - (30 + -62) - (-1 - -10).
35
What is (-99 + 72 - -22) + 6 + 2?
3
What is the value of (-5 - -14) + -29 + 9 + -110 + (-1 - -2)?
-120
What is the value of (-12 - (8 + -17)) + -2 + 3 - 4?
-6
What is -3 + -49 + -169 + 303?
82
Evaluate (-41 - -36) + -71 - ((-3 - -2) + 3).
-78
Evaluate (27 - 52 - -71) + -21.
25
What is -7 + (26 + -23 + 5 - 3)?
-2
-112 - (-97 - -31) - (3 + -4 + (8 - 2))
-51
Calculate -9 - (8 + -16 - (-10 + 22)) - -9.
20
Evaluate 38 + -10 + -18 - -26.
36
-30 - -31 - (-31 + 10 + -8 + 3)
27
What is the value of (-1 - -20) + (-45 - (26 - 63)) + -43?
-32
Calculate -3 + -76 - (144 - 269).
46
What is the value of (24 - (-28 + 57)) + -30?
-35
What is the value of 8 - 11 - (-64 - -59) - -65?
67
36 + (-175 - -81) - (1 + -12)
-47
-5 + -10 + (-5 - (51 + -14))
-57
(2 + -49 - -4) + 62 + (-79 - -5)
-55
What is (-55 + 84 - 37) + (3 - 27)?
-32
Evaluate -1 - 3 - (-163 + 163) - (21 + -20).
-5
What is the value of ((10 - 17 - -7) + -14 + 4 - -119) + 3?
112
Calculate 4 - (3 - 81) - (10 + -23 + -28 + 42).
81
(95 + -64 - -4) + 0 + -18 + -2 + -7
8
What is -2 + 21 + 5 + -5 + 16?
35
What is the value of -332 + 342 + -1 + 1 + (-7 - 27)?
-24
Evaluate (151 - 167 - -107) + -2 + 1 + 4.
94
What is the value of -10 + (-35 - -24) + 17 - -55?
51
Calculate 24 + -8 + 33 - 57.
-8
What is 13 - (37 + -174) - 87?
63
(-488 - -497) + (2 - 1)
10
What is 163 + (28 + -32 - 44) - -5?
120
What is the value of 122 + -166 - (19 + (-14 - 99))?
50
What is the value of 4 + 4 + -12 + -4 - (-9 - (58 - 4))?
55
7 - -2 - (-101 - -126) - 0
-16
Calculate 88 - ((20 - -258) + -124).
-66
-24 + 4 + 2 - (60 - (-8 + -1))
-87
Calculate 6 - (89 + -52 - -1).
-32
-26 + (-132 - -164 - (13 - -55))
-62
What is -7 - -29 - (-85 + -15 + 53)?
69
What is (59 - 3) + -1 + -7 + -4 + 5 + 6?
55
20 + 11 + -17 + -13 - 14
-13
-2 + 74 + -9 + 1 - (-9 + (-19 - -23))
69
-47 + 0 + (206 - 216) + 9
-48
Evaluate 57 + (-28 + (15 - 1) - -28 - 28).
43
Evaluate -44 + (-41 - (-112 + -27)).
54
Evaluate 9 + -38 + 6 + (16 - 5).
-12
(102 - 2 - -18) + -59
59
What is -2 + (-15